t of 1136?
1
What is the hundreds digit of 758?
7
What is the thousands digit of 39968?
9
What is the tens digit of 59198?
9
What is the thousands digit of 1073?
1
What is the hundreds digit of 135?
1
What is the thousands digit of 1333?
1
What is the thousands digit of 3656?
3
What is the units digit of 272?
2
What is the hundreds digit of 4455?
4
What is the ten thousands digit of 20178?
2
What is the units digit of 1449?
9
What is the hundreds digit of 810?
8
What is the hundreds digit of 10857?
8
What is the tens digit of 35?
3
What is the units digit of 5431?
1
What is the tens digit of 483?
8
What is the units digit of 2171?
1
What is the units digit of 62?
2
What is the thousands digit of 4932?
4
What is the tens digit of 11723?
2
What is the units digit of 1994?
4
What is the units digit of 3161?
1
What is the units digit of 221?
1
What is the ten thousands digit of 53026?
5
What is the units digit of 11625?
5
What is the units digit of 1235?
5
What is the tens digit of 124?
2
What is the units digit of 485?
5
What is the units digit of 42537?
7
What is the units digit of 35140?
0
What is the hundreds digit of 10651?
6
What is the tens digit of 63646?
4
What is the hundreds digit of 444?
4
What is the hundreds digit of 88295?
2
What is the hundreds digit of 996?
9
What is the thousands digit of 1535?
1
What is the tens digit of 1496?
9
What is the tens digit of 519?
1
What is the units digit of 868?
8
What is the hundreds digit of 542?
5
What is the tens digit of 45826?
2
What is the units digit of 746?
6
What is the units digit of 83987?
7
What is the tens digit of 4522?
2
What is the hundreds digit of 1582?
5
What is the hundreds digit of 8402?
4
What is the tens digit of 30161?
6
What is the tens digit of 65054?
5
What is the thousands digit of 1724?
1
What is the tens digit of 56929?
2
What is the thousands digit of 5607?
5
What is the tens digit of 22902?
0
What is the thousands digit of 14844?
4
What is the units digit of 32057?
7
What is the units digit of 897?
7
What is the hundreds digit of 25247?
2
What is the ten thousands digit of 10681?
1
What is the tens digit of 1605?
0
What is the hundreds digit of 1544?
5
What is the tens digit of 714?
1
What is the hundreds digit of 1442?
4
What is the units digit of 2626?
6
What is the hundreds digit of 103989?
9
What is the thousands digit of 5806?
5
What is the ten thousands digit of 47627?
4
What is the ten thousands digit of 51163?
5
What is the tens digit of 15747?
4
What is the tens digit of 14769?
6
What is the units digit of 11361?
1
What is the hundreds digit of 136?
1
What is the thousands digit of 3445?
3
What is the units digit of 2891?
1
What is the units digit of 139?
9
What is the units digit of 13213?
3
What is the tens digit of 16139?
3
What is the thousands digit of 3747?
3
What is the hundreds digit of 1443?
4
What is the units digit of 491?
1
What is the thousands digit of 2030?
2
What is the thousands digit of 6562?
6
What is the ten thousands digit of 64455?
6
What is the thousands digit of 7988?
7
What is the hundreds digit of 495?
4
What is the hundreds digit of 4575?
5
What is the units digit of 1911?
1
What is the thousands digit of 2959?
2
What is the tens digit of 441?
4
What is the tens digit of 1990?
9
What is the units digit of 1146?
6
What is the hundreds digit of 5840?
8
What is the hundreds digit of 7780?
7
What is the units digit of 929?
9
What is the thousands digit of 22105?
2
What is the tens digit of 82274?
7
What is the units digit of 2457?
7
What is the ten thousands digit of 10360?
1
What is the ten thousands digit of 85142?
8
What is the hundreds digit of 4212?
2
What is the hundreds digit of 81086?
0
What is the hundreds digit of 19237?
2
What is the tens digit of 943?
4
What is the hundreds digit of 35978?
9
What is the hundreds digit of 518?
5
What is the units digit of 416?
6
What is the tens digit of 19060?
6
What is the ten thousands digit of 18358?
1
What is the tens digit of 67682?
8
What is the tens digit of 418?
1
What is the thousands digit of 4744?
4
What is the hundreds digit of 1324?
3
What is the units digit of 4431?
1
What is the thousands digit of 30613?
0
What is the thousands digit of 2956?
2
What is the units digit of 1570?
0
What is the tens digit of 806?
0
What is the hundreds digit of 6156?
1
What is the thousands digit of 4080?
4
What is the thousands digit of 2883?
2
What is the thousands digit of 2887?
2
What is the tens digit of 429?
2
What is the hundreds digit of 24758?
7
What is the hundreds digit of 3410?
4
What is the tens digit of 2774?
7
What is the thousands digit of 12743?
2
What is the thousands digit of 1871?
1
What is the ten thousands digit of 133757?
3
What is the ten thousands digit of 39319?
3
What is the thousands digit of 26334?
6
What is the tens digit of 132534?
3
What is the units digit of 3635?
5
What is the units digit of 71?
1
What is the hundreds digit of 2092?
0
What is the ten thousands digit of 22978?
2
What is the units digit of 427?
7
What is the tens digit of 982?
8
What is the tens digit of 64811?
1
What is the tens digit of 37859?
5
What is the hundreds digit of 985?
9
What is the units digit of 13703?
3
What is the tens digit of 728?
2
What is the hundreds digit of 2496?
4
What is the thousands digit of 4442?
4
What is the units digit of 79?
9
What is the thousands digit of 1144?
1
What is the thousands digit of 1259?
1
What is the units digit of 4113?
3
What is the ten thousands digit of 10853?
1
What is the tens digit of 139?
3
What is the units digit of 57524?
4
What is the thousands digit of 1495?
1
What is the hundreds digit of 5803?
8
What is the ten thousands digit of 12763?
1
What is the hundreds digit of 2824?
8
What is the tens digit of 70536?
3
What is the hundreds digit of 393?
3
What is the tens digit of 29607?
0
What is the tens digit of 53275?
7
What is the thousands digit of 36064?
6
What is the hundreds digit of 2177?
1
What is the thousands digit of 4334?
4
What is the tens digit of 4281?
8
What is the tens digit of 32534?
3
What is the tens digit of 1359?
5
What is the tens digit of 810?
1
What is the thousands digit of 24181?
4
What is the units digit of 817?
7
What is the thousands digit of 15781?
5
What is the hundreds digit of 38061?
0
What is the hundreds digit of 576?
5
What is the thousands digit of 6914?
6
What is the thousands digit of 19517?
9
What is the thousands digit of 16673?
6
What is the hundreds digit of 100?
1
What is the thousands digit of 2474?
2
What is the units digit of 18349?
9
What is the tens digit of 29314?
1
What is the hundreds digit of 504?
5
What is the units digit of 15961?
1
What is the hundreds digit of 2166?
1
What is the units digit of 2279?
9
What is the tens digit of 684?
8
What is the units digit of 10100?
0
What is the ten thousands digit of 28805?
2
What is the thousands digit of 20454?
0
What is the hundreds digit of 959?
9
What is the hundred thousands digit of 150106?
1
What is the hundreds digit of 2004?
0
What is the thousands digit of 3585?
3
What is the units digit of 5679?
9
What is the thousands digit of 9210?
9
What is the thousands digit of 3070?
3
What is the thousands digit of 3982?
3
What is the tens digit of 7000?
0
What is the thousands digit of 15635?
5
What is the hundreds digit of 119048?
0
What is the tens digit of 1429?
2
What is the tens digit of 30382?
8
What is the hundreds digit of 11459?
4
What is the thousands digit of 21326?
1
What is the tens digit of 12725?
2
What is the thousands digit of 3489?
3
What is the thousands digit of 23760?
3
What is the hundreds digit of 19943?
9
What is the units digit of 68992?
2
What is the tens digit of 3942?
4
What is the ten thousands digit of 20769?
2
What is the ten thousands digit of 20987?
2
What is the units digit of 5085?
5
What is the ten thousands digit of 22993?
2
What is the hundreds digit of 4466?
4
What is the units digit of 1354?
4
What is the thousands digit of 9740?
9
What is the tens digit of 3244?
4
What is the thousands digit of 87229?
7
What is the units digit of 1724?
4
What is the tens digit of 111659?
5
What is the thousands digit of 183077?
3
What is the tens digit of 688?
8
What is the tens digit of 10159?
5
What is the ten thous